{"id":10,"date":"2025-02-26T13:39:52","date_gmt":"2025-02-26T13:39:52","guid":{"rendered":"http:\/\/glowface.pl\/?page_id=10"},"modified":"2025-08-03T10:14:03","modified_gmt":"2025-08-03T10:14:03","slug":"kontakt","status":"publish","type":"page","link":"https:\/\/glowface.pl\/index.php\/kontakt\/","title":{"rendered":"Kontakt"},"content":{"rendered":"\n<p>Magdalena Pasieczna<\/p>\n\n\n\n<p><strong>tel:<\/strong> 509 255 780<\/p>\n\n\n\n<p><strong>mail:<\/strong> magda.glowface@icloud.com<\/p>\n\n\n\n<p><strong>instagram:<\/strong> <a href=\"https:\/\/instagram.com\/glowface.magdalenapasieczna\/\" data-type=\"link\" data-id=\"https:\/\/instagram.com\/glowface.magdalenapasieczna\/\">\/glowface.magdalenapasieczna\/<\/a><\/p>\n\n\n\n<p><\/p>\n","protected":false},"excerpt":{"rendered":"<p>Magdalena Pasieczna tel: 509 255 780 mail: magda.glowface@icloud.com instagram: \/glowface.magdalenapasieczna\/<\/p>\n","protected":false},"author":1,"featured_media":54,"parent":0,"menu_order":0,"comment_status":"closed","ping_status":"closed","template":"","meta":{"footnotes":""},"class_list":["post-10","page","type-page","status-publish","has-post-thumbnail","hentry"],"yoast_head":"<!-- This site is optimized with the Yoast SEO plugin v27.4 - https:\/\/yoast.com\/product\/yoast-seo-wordpress\/ -->\n<title>Kontakt - Glow Face<\/title>\n<meta name=\"robots\" content=\"index, follow, max-snippet:-1, max-image-preview:large, max-video-preview:-1\" \/>\n<link rel=\"canonical\" href=\"https:\/\/glowface.pl\/index.php\/kontakt\/\" \/>\n<meta property=\"og:locale\" content=\"pl_PL\" \/>\n<meta property=\"og:type\" content=\"article\" \/>\n<meta property=\"og:title\" content=\"Kontakt - Glow Face\" \/>\n<meta property=\"og:description\" content=\"Magdalena Pasieczna tel: 509 255 780 mail: magda.glowface@icloud.com instagram: \/glowface.magdalenapasieczna\/\" \/>\n<meta property=\"og:url\" content=\"https:\/\/glowface.pl\/index.php\/kontakt\/\" \/>\n<meta property=\"og:site_name\" content=\"Glow Face\" \/>\n<meta property=\"article:modified_time\" content=\"2025-08-03T10:14:03+00:00\" \/>\n<meta property=\"og:image\" content=\"http:\/\/glowface.pl\/wp-content\/uploads\/2025\/02\/glowface_6.jpg\" \/>\n\t<meta property=\"og:image:width\" content=\"1200\" \/>\n\t<meta property=\"og:image:height\" content=\"1600\" \/>\n\t<meta property=\"og:image:type\" content=\"image\/jpeg\" \/>\n<meta name=\"twitter:card\" content=\"summary_large_image\" \/>\n<meta name=\"twitter:label1\" content=\"Szacowany czas czytania\" \/>\n\t<meta name=\"twitter:data1\" content=\"1 minuta\" \/>\n<script type=\"application\/ld+json\" class=\"yoast-schema-graph\">{\"@context\":\"https:\\\/\\\/schema.org\",\"@graph\":[{\"@type\":\"WebPage\",\"@id\":\"https:\\\/\\\/glowface.pl\\\/index.php\\\/kontakt\\\/\",\"url\":\"https:\\\/\\\/glowface.pl\\\/index.php\\\/kontakt\\\/\",\"name\":\"Kontakt - Glow Face\",\"isPartOf\":{\"@id\":\"https:\\\/\\\/glowface.pl\\\/#website\"},\"primaryImageOfPage\":{\"@id\":\"https:\\\/\\\/glowface.pl\\\/index.php\\\/kontakt\\\/#primaryimage\"},\"image\":{\"@id\":\"https:\\\/\\\/glowface.pl\\\/index.php\\\/kontakt\\\/#primaryimage\"},\"thumbnailUrl\":\"https:\\\/\\\/glowface.pl\\\/wp-content\\\/uploads\\\/2025\\\/02\\\/glowface_6.jpg\",\"datePublished\":\"2025-02-26T13:39:52+00:00\",\"dateModified\":\"2025-08-03T10:14:03+00:00\",\"breadcrumb\":{\"@id\":\"https:\\\/\\\/glowface.pl\\\/index.php\\\/kontakt\\\/#breadcrumb\"},\"inLanguage\":\"pl-PL\",\"potentialAction\":[{\"@type\":\"ReadAction\",\"target\":[\"https:\\\/\\\/glowface.pl\\\/index.php\\\/kontakt\\\/\"]}]},{\"@type\":\"ImageObject\",\"inLanguage\":\"pl-PL\",\"@id\":\"https:\\\/\\\/glowface.pl\\\/index.php\\\/kontakt\\\/#primaryimage\",\"url\":\"https:\\\/\\\/glowface.pl\\\/wp-content\\\/uploads\\\/2025\\\/02\\\/glowface_6.jpg\",\"contentUrl\":\"https:\\\/\\\/glowface.pl\\\/wp-content\\\/uploads\\\/2025\\\/02\\\/glowface_6.jpg\",\"width\":1200,\"height\":1600},{\"@type\":\"BreadcrumbList\",\"@id\":\"https:\\\/\\\/glowface.pl\\\/index.php\\\/kontakt\\\/#breadcrumb\",\"itemListElement\":[{\"@type\":\"ListItem\",\"position\":1,\"name\":\"Strona g\u0142\u00f3wna\",\"item\":\"https:\\\/\\\/glowface.pl\\\/\"},{\"@type\":\"ListItem\",\"position\":2,\"name\":\"Kontakt\"}]},{\"@type\":\"WebSite\",\"@id\":\"https:\\\/\\\/glowface.pl\\\/#website\",\"url\":\"https:\\\/\\\/glowface.pl\\\/\",\"name\":\"Glow Face\",\"description\":\"Uwolnij napi\u0119cie, podkre\u015bl naturalne pi\u0119kno\",\"publisher\":{\"@id\":\"https:\\\/\\\/glowface.pl\\\/#organization\"},\"potentialAction\":[{\"@type\":\"SearchAction\",\"target\":{\"@type\":\"EntryPoint\",\"urlTemplate\":\"https:\\\/\\\/glowface.pl\\\/?s={search_term_string}\"},\"query-input\":{\"@type\":\"PropertyValueSpecification\",\"valueRequired\":true,\"valueName\":\"search_term_string\"}}],\"inLanguage\":\"pl-PL\"},{\"@type\":\"Organization\",\"@id\":\"https:\\\/\\\/glowface.pl\\\/#organization\",\"name\":\"Glow Face\",\"url\":\"https:\\\/\\\/glowface.pl\\\/\",\"logo\":{\"@type\":\"ImageObject\",\"inLanguage\":\"pl-PL\",\"@id\":\"https:\\\/\\\/glowface.pl\\\/#\\\/schema\\\/logo\\\/image\\\/\",\"url\":\"http:\\\/\\\/glowface.pl\\\/wp-content\\\/uploads\\\/2025\\\/03\\\/logo-with-the-name-glowface-massage-and-peace-of-mind-less-additional-elements-gold-color-text-no-bottom-text.jpg\",\"contentUrl\":\"http:\\\/\\\/glowface.pl\\\/wp-content\\\/uploads\\\/2025\\\/03\\\/logo-with-the-name-glowface-massage-and-peace-of-mind-less-additional-elements-gold-color-text-no-bottom-text.jpg\",\"width\":1024,\"height\":1024,\"caption\":\"Glow Face\"},\"image\":{\"@id\":\"https:\\\/\\\/glowface.pl\\\/#\\\/schema\\\/logo\\\/image\\\/\"},\"sameAs\":[\"https:\\\/\\\/www.instagram.com\\\/glowface.magdalenapasieczna\\\/\"]}]}<\/script>\n<!-- \/ Yoast SEO plugin. -->","yoast_head_json":{"title":"Kontakt - Glow Face","robots":{"index":"index","follow":"follow","max-snippet":"max-snippet:-1","max-image-preview":"max-image-preview:large","max-video-preview":"max-video-preview:-1"},"canonical":"https:\/\/glowface.pl\/index.php\/kontakt\/","og_locale":"pl_PL","og_type":"article","og_title":"Kontakt - Glow Face","og_description":"Magdalena Pasieczna tel: 509 255 780 mail: magda.glowface@icloud.com instagram: \/glowface.magdalenapasieczna\/","og_url":"https:\/\/glowface.pl\/index.php\/kontakt\/","og_site_name":"Glow Face","article_modified_time":"2025-08-03T10:14:03+00:00","og_image":[{"width":1200,"height":1600,"url":"http:\/\/glowface.pl\/wp-content\/uploads\/2025\/02\/glowface_6.jpg","type":"image\/jpeg"}],"twitter_card":"summary_large_image","twitter_misc":{"Szacowany czas czytania":"1 minuta"},"schema":{"@context":"https:\/\/schema.org","@graph":[{"@type":"WebPage","@id":"https:\/\/glowface.pl\/index.php\/kontakt\/","url":"https:\/\/glowface.pl\/index.php\/kontakt\/","name":"Kontakt - Glow Face","isPartOf":{"@id":"https:\/\/glowface.pl\/#website"},"primaryImageOfPage":{"@id":"https:\/\/glowface.pl\/index.php\/kontakt\/#primaryimage"},"image":{"@id":"https:\/\/glowface.pl\/index.php\/kontakt\/#primaryimage"},"thumbnailUrl":"https:\/\/glowface.pl\/wp-content\/uploads\/2025\/02\/glowface_6.jpg","datePublished":"2025-02-26T13:39:52+00:00","dateModified":"2025-08-03T10:14:03+00:00","breadcrumb":{"@id":"https:\/\/glowface.pl\/index.php\/kontakt\/#breadcrumb"},"inLanguage":"pl-PL","potentialAction":[{"@type":"ReadAction","target":["https:\/\/glowface.pl\/index.php\/kontakt\/"]}]},{"@type":"ImageObject","inLanguage":"pl-PL","@id":"https:\/\/glowface.pl\/index.php\/kontakt\/#primaryimage","url":"https:\/\/glowface.pl\/wp-content\/uploads\/2025\/02\/glowface_6.jpg","contentUrl":"https:\/\/glowface.pl\/wp-content\/uploads\/2025\/02\/glowface_6.jpg","width":1200,"height":1600},{"@type":"BreadcrumbList","@id":"https:\/\/glowface.pl\/index.php\/kontakt\/#breadcrumb","itemListElement":[{"@type":"ListItem","position":1,"name":"Strona g\u0142\u00f3wna","item":"https:\/\/glowface.pl\/"},{"@type":"ListItem","position":2,"name":"Kontakt"}]},{"@type":"WebSite","@id":"https:\/\/glowface.pl\/#website","url":"https:\/\/glowface.pl\/","name":"Glow Face","description":"Uwolnij napi\u0119cie, podkre\u015bl naturalne pi\u0119kno","publisher":{"@id":"https:\/\/glowface.pl\/#organization"},"potentialAction":[{"@type":"SearchAction","target":{"@type":"EntryPoint","urlTemplate":"https:\/\/glowface.pl\/?s={search_term_string}"},"query-input":{"@type":"PropertyValueSpecification","valueRequired":true,"valueName":"search_term_string"}}],"inLanguage":"pl-PL"},{"@type":"Organization","@id":"https:\/\/glowface.pl\/#organization","name":"Glow Face","url":"https:\/\/glowface.pl\/","logo":{"@type":"ImageObject","inLanguage":"pl-PL","@id":"https:\/\/glowface.pl\/#\/schema\/logo\/image\/","url":"http:\/\/glowface.pl\/wp-content\/uploads\/2025\/03\/logo-with-the-name-glowface-massage-and-peace-of-mind-less-additional-elements-gold-color-text-no-bottom-text.jpg","contentUrl":"http:\/\/glowface.pl\/wp-content\/uploads\/2025\/03\/logo-with-the-name-glowface-massage-and-peace-of-mind-less-additional-elements-gold-color-text-no-bottom-text.jpg","width":1024,"height":1024,"caption":"Glow Face"},"image":{"@id":"https:\/\/glowface.pl\/#\/schema\/logo\/image\/"},"sameAs":["https:\/\/www.instagram.com\/glowface.magdalenapasieczna\/"]}]}},"_links":{"self":[{"href":"https:\/\/glowface.pl\/index.php\/wp-json\/wp\/v2\/pages\/10","targetHints":{"allow":["GET"]}}],"collection":[{"href":"https:\/\/glowface.pl\/index.php\/wp-json\/wp\/v2\/pages"}],"about":[{"href":"https:\/\/glowface.pl\/index.php\/wp-json\/wp\/v2\/types\/page"}],"author":[{"embeddable":true,"href":"https:\/\/glowface.pl\/index.php\/wp-json\/wp\/v2\/users\/1"}],"replies":[{"embeddable":true,"href":"https:\/\/glowface.pl\/index.php\/wp-json\/wp\/v2\/comments?post=10"}],"version-history":[{"count":7,"href":"https:\/\/glowface.pl\/index.php\/wp-json\/wp\/v2\/pages\/10\/revisions"}],"predecessor-version":[{"id":154,"href":"https:\/\/glowface.pl\/index.php\/wp-json\/wp\/v2\/pages\/10\/revisions\/154"}],"wp:featuredmedia":[{"embeddable":true,"href":"https:\/\/glowface.pl\/index.php\/wp-json\/wp\/v2\/media\/54"}],"wp:attachment":[{"href":"https:\/\/glowface.pl\/index.php\/wp-json\/wp\/v2\/media?parent=10"}],"curies":[{"name":"wp","href":"https:\/\/api.w.org\/{rel}","templated":true}]}}